)/154 + (2 - ((-39)/33 + -3)). What is the greatest common factor of 4614 and h?
6
Let y = -5343 + 5739. What is the greatest common divisor of y and 858?
66
Suppose 15043 = -15*c + 55*c + 643. What is the greatest common divisor of c and 2560?
40
Suppose 5*q = -p + 90, -10*p = -9*p + 3*q - 84. Calculate the highest common divisor of p and 2775.
75
Let g be 64/(-12)*(-108)/16. Let d = 830 + -758. Calculate the greatest common divisor of d and g.
36
Suppose 2*k + 7*k + k = 0. Suppose -870 = -5*b - k*b. What is the highest common factor of 6 and b?
6
Suppose -143*c + 539201 = -27*c - 57*c. Calculate the greatest common factor of 74 and c.
37
Let u be (-41)/(-2) - 1/(-2). Suppose -2 = w - 2*s, -w + 1 = -4*w + s. Suppose -3*i + 45 + 207 = w. Calculate the highest common factor of u and i.
21
Suppose 3*o = -5*m - 44, 3*o = -0*o + 6. Let n be m/3*(-30)/20. Calculate the highest common divisor of n and 5.
5
Suppose 3*g + 15 = 5*b, 1 - 10 = -2*g - 3*b. Suppose 3*n - 155 = -5*h, -31 = -2*h - g*n + 5*n. Calculate the greatest common factor of 36 and h.
4
Let o(k) = -k + 11. Let t be o(-11). Let g be 164373/(-586)*(-4)/6. What is the highest common divisor of t and g?
11
Suppose -13*p + 3*p + 360 = 0. Let v be (-126)/(-8)*96/p. Suppose 0 = v*t - 36*t - 1518. Calculate the greatest common factor of t and 11.
11
Suppose 2*j - 619 + 162 = -g, 4*g + 3*j - 1823 = 0. Calculate the highest common factor of 140 and g.
35
Suppose -174*x + 12672 = -168*x. Calculate the highest common divisor of x and 320.
64
Let f(t) = t**3 - 7*t**2 + 12*t + 11. Let w be f(6). Suppose 0 = -3*j + 89 - w. What is the greatest common divisor of j and 154?
14
Let l(w) = -w**2 - 774*w - 4599. Let h be l(-6). Calculate the greatest common divisor of 24777 and h.
9
Let w = 211 + -343. Let f = -128 - w. Suppose 2*d - 10 + 2 = 0. What is the greatest common factor of f and d?
4
Let l be (1 - -2) + -13 + (8170 - 126/14). What is the highest common divisor of l and 99?
33
Let s(g) = -2*g**2 - 18*g + 16. Let b be s(-12). Let h = -34 - b. Calculate the highest common divisor of 176 and h.
22
Suppose -3*j - 2*h = -9, j - 27 = -2*j + 4*h. Suppose -93 = 677*n - 388 - 382. What is the highest common factor of n and j?
1
Let h be (-1)/((-1)/(-33))*(21 + 12045/(-45)). What is the highest common factor of h and 20?
20
Suppose 3 = b - 4*b - 3*m, -3*m = 12. Suppose 49*g + 5*i + 105 = 54*g, 0 = 4*g + b*i - 105. What is the greatest common divisor of 56 and g?
8
Let t be (-25)/1*(-536)/670 - 14. Let o(f) = 29*f + 9. Let h be o(-6). Let m = -99 - h. Calculate the highest common divisor of t and m.
6
Suppose 0 = -2*b + 3*w + 87, -82*w + 86*w = 3*b - 131. Calculate the highest common factor of 1695 and b.
15
Suppose -12*l - 186 = -4*h - 14*l, 0 = 4*h - l - 195. Suppose -2*i - h = -6*i. Calculate the greatest common divisor of 138 and i.
6
Let x be 6 + (-506)/161*-8659. What is the highest common factor of 20 and x?
20
Let x be 1*((-7)/(-35) - (-20)/25) + 1664. What is the greatest common divisor of x and 45?
45
Let j be (-141)/((-43146)/204)*360/2. Suppose -2*k = -k - 2. Suppose -k*q + 4*q = 4*c - 94, -4*c + q = -95. Calculate the highest common divisor of c and j.
24
Suppose 5*g = 2*k + 13, 5*k = g - 4*g + 14. Suppose 5*v + 2*b = 7*v - 20, 0 = -v - g*b + 26. Let y = v + 55. Calculate the greatest common divisor of 92 and y.
23
Let k(g) = g**2 - 36*g + 101. Let r be k(3). Suppose -6*x = -x - c - 72, -r*x + 18 = -4*c. Calculate the highest common divisor of 135 and x.
15
Let k(m) = m**2 - 4*m + 7. Let o be k(3). Let q = 3 + o. Suppose -3*y + 54 + 118 = -g, 5*y = -5*g + 260. What is the highest common divisor of y and q?
7
Let s(l) = 94*l**2 - 28*l + 39. Let m be s(6). What is the greatest common factor of 441 and m?
21
Let j be 5 + 2654/2 + (-7 + 7)/(-7). What is the highest common divisor of 1036 and j?
148
Let r(u) = 2*u**3 + 23*u**2 - 12*u - 6. Let i be r(-12). Let j(b) = -44*b - 95. Let k be j(i). What is the highest common factor of k and 39?
13
Let r = -35 + 58. Let t(d) = d**2 - 17*d - 89. Let h be t(r). Calculate the greatest common divisor of 7 and h.
7
Let q be -3 - (-168)/((-32)/4). Let f be 2/(2 + 32/q). What is the greatest common divisor of f and 24?
3
Suppose 2463 = 2*r - 5*a, -2*r + a - 1249 = -3*r. Let k = r - 1134. Suppose 0 = 3*q - 23 - 37. What is the greatest common divisor of k and q?
10
Suppose 0 = p - 5*c + 5, p - 3 = -2*c - 1. Suppose 5 = -5*y - p. Let m be (-13)/y + -2 - -1. Calculate the greatest common factor of 12 and m.
12
Let b be 6 + (-418)/95 - 3854/(-10). Calculate the greatest common divisor of b and 45.
9
Let f be 1069 - ((24/15)/(24/90) + -12). What is the highest common divisor of f and 3655?
215
Suppose 4*o = 3*a - 1200, -2 = -a - o + 391. Calculate the greatest common factor of 684 and a.
36
Let r = 86 - -4693. What is the greatest common divisor of 177 and r?
177
Let k(s) = -s**2 - 164*s - 2560. Let u be k(-20). Calculate the highest common divisor of u and 1060.
20
Suppose -1642 + 1554 = 50*j - 3138. What is the greatest common factor of j and 4331?
61
Suppose 0 = b + 24 + 15. Let x = b - -43. Let p be 872/x + 1 - -1. Calculate the highest common factor of 88 and p.
44
Let t be -6 - 30/(-45)*(0 + 57). Calculate the greatest common factor of t and 1424.
16
Suppose -3*l = -3*t + 963, -l = 3*t - 167 - 808. Calculate the highest common factor of 36 and t.
36
Suppose 3*u = 15, -10*u - 25 = 3*x - 6*u. Let m = x - -23. Calculate the highest common divisor of m and 10.
2
Let i(o) be the third derivative of o**6/120 + 23*o**5/60 - 31*o**4/24 - 5*o**3 + 93*o**2. Let j be i(-24). Calculate the highest common divisor of 207 and j.
69
Let a(b) = -b**3 - 22*b**2 + 16*b + 31. Let k be a(-23). Let p = k + -156. Let o be -3*(-2 - (-2 - -6)). Calculate the highest common divisor of p and o.
18
Suppose 3*g + 10 = 2*j, 46 = 6*j - j + 3*g. Calculate the greatest common divisor of 4600 and j.
8
Suppose -13*w = -16*w + 9. Let p be -3 + w + (-64)/1. Let c = p + 86. What is the highest common divisor of c and 66?
22
Suppose 198272 = 255*l + 49963 - 14891. Calculate the highest common factor of l and 440.
40
Let o(z) = -z**2 + z + 32. Let x be o(6). Let g be 4 - -2*(x - 2 - -1). What is the greatest common divisor of g and 3?
3
Let d(s) = s**3 - 65*s**2 + 126*s + 23. Let k be d(63). What is the highest common divisor of 2737 and k?
23
Suppose -132*z + 7140 = -112*z. What is the highest common factor of 969 and z?
51
Let c be (19 - (21 + -2033)) + 0 + -8. Calculate the greatest common divisor of c and 34.
17
Let x(i) = -3*i**3. Let s be x(-2). Let c = 352 - 349. Suppose -p + c*m = 3 - 78, m - 287 = -4*p. Calculate the greatest common divisor of p and s.
24
Let b(f) = 12*f + 5. Let i be b(10). Let h be (4/(-10))/(781/(-19525)). Calculate the greatest common divisor of h and i.
5
Let f be (((-258)/(-602))/(9/(-14)))/(4/(-534)). Calculate the highest common divisor of f and 445.
89
Let r(u) = 310*u + 154. Let d be r(1). What is the highest common divisor of 272 and d?
16
Suppose 0 = -3*k + 3*d - 4*d + 648, 2*k - 3*d - 432 = 0. Suppose -34*g = -30*g - k. Calculate the greatest common factor of 6 and g.
6
Let j be 1155/99 - ((-39)/9 + 4). Calculate the greatest common divisor of j and 642.
6
Suppose -5*u - 2*h + 684 = 0, 15*u = 14*u - 2*h + 132. Calculate the greatest common factor of u and 2967.
69
Suppose -5*q = -3*p + 40, -p + 5*q - 12 + 42 = 0. Suppose v - 10 = -d, 0*v = -p*d + v + 26. Calculate the greatest common divisor of d and 26.
2
Suppose 0 = 2*f + 2*g - 12, 13 = 3*f + 2*g - 1. Suppose s - f*s + 110 = 0. Calculate the greatest common divisor of s and 44.
22
Suppose -4*a + 3*k + 417 = 0, -a = 3*k - 5*k - 103. Suppose 0 = f - 3*x - 35, 20*x - 24*x - a = -3*f. Calculate the greatest common divisor of f and 245.
35
Let o(g) = -12*g - 26. Let x be o(-5). Let u be (x + 16)/(3/((-30)/(-4))). Calculate the highest common divisor of u and 25.
25
Suppose -23*n + 24*n + 5*a = -79, -3*n = 3*a + 213. Let s be 2/(-4) - (n/6 + 3). Calculate the highest common factor of 2 and s.
2
Suppose -2*c = -3*f + 11 + 5, -4*f - 3*c - 7 = 0. Let n be (f*1)/((-33)/(-990)). What is the highest common divisor of 48 and n?
12
Let z(a) = 47*a + 4596. Let u be z(-57). Calculate the highest common divisor of u and 81